{"id":38,"date":"2019-04-16T07:05:39","date_gmt":"2019-04-16T07:05:39","guid":{"rendered":"http:\/\/gecco-fahrschulen.de\/fahrschule\/?page_id=38"},"modified":"2025-11-26T15:48:39","modified_gmt":"2025-11-26T14:48:39","slug":"kontakt","status":"publish","type":"page","link":"https:\/\/gecco-beratung.de\/fahrschule\/kontakt\/","title":{"rendered":"Kontakt"},"content":{"rendered":"<section class=\"wpb-content-wrapper\"><p>[vc_row full_width=&#8221;stretch_row_content_no_spaces&#8221; css=&#8221;.vc_custom_1720705954931{padding-top: 150px !important;padding-bottom: 150px !important;background-image: url(https:\/\/gecco-beratung.de\/fahrschule\/wp-content\/uploads\/sites\/3\/2024\/07\/DSCF4509.jpg?id=3898) !important;background-position: center !important;background-repeat: no-repeat !important;background-size: cover !important;}&#8221;][vc_column][\/vc_column][\/vc_row][vc_row full_width=&#8221;stretch_row&#8221; css=&#8221;.vc_custom_1699433796334{padding-top: 50px !important;}&#8221;][vc_column css=&#8221;.vc_custom_1516095665984{padding-right: 0px !important;padding-left: 0px !important;}&#8221;][vc_row_inner][vc_column_inner]<header class=\"kd-section-title col-lg-12 text-center     vc_custom_1720707287817\" ><h1 class=\"separator_off\" style=\"color: #006375;\">Kontakt<\/h1><\/header>[\/vc_column_inner][\/vc_row_inner][vc_row_inner][vc_column_inner width=&#8221;2\/4&#8243;]<div class=\"kd-contact-form full-width-cf \">\n<div class=\"wpcf7 no-js\" id=\"wpcf7-f4-o1\" lang=\"en-US\" dir=\"ltr\">\n<div class=\"screen-reader-response\"><p role=\"status\" aria-live=\"polite\" aria-atomic=\"true\"><\/p> <ul><\/ul><\/div>\n<form action=\"\/fahrschule\/wp-json\/wp\/v2\/pages\/38#wpcf7-f4-o1\" method=\"post\" class=\"wpcf7-form init\" aria-label=\"Contact form\" novalidate=\"novalidate\" data-status=\"init\">\n<div style=\"display: none;\">\n<input type=\"hidden\" name=\"_wpcf7\" value=\"4\" \/>\n<input type=\"hidden\" name=\"_wpcf7_version\" value=\"5.7.6\" \/>\n<input type=\"hidden\" name=\"_wpcf7_locale\" value=\"en_US\" \/>\n<input type=\"hidden\" name=\"_wpcf7_unit_tag\" value=\"wpcf7-f4-o1\" \/>\n<input type=\"hidden\" name=\"_wpcf7_container_post\" value=\"0\" \/>\n<input type=\"hidden\" name=\"_wpcf7_posted_data_hash\" value=\"\" \/>\n<input type=\"hidden\" name=\"_wpcf7_recaptcha_response\" value=\"\" \/>\n<\/div>\n<p><label> Fahrschule*<\/label><br \/>\n<span class=\"wpcf7-form-control-wrap\" data-name=\"fahrschule\"><input size=\"40\" class=\"wpcf7-form-control wpcf7-text wpcf7-validates-as-required\" aria-required=\"true\" aria-invalid=\"false\" value=\"\" type=\"text\" name=\"fahrschule\" \/><\/span>\n<\/p>\n<p><label> Name*<\/label><br \/>\n<span class=\"wpcf7-form-control-wrap\" data-name=\"your-name\"><input size=\"40\" class=\"wpcf7-form-control wpcf7-text wpcf7-validates-as-required\" aria-required=\"true\" aria-invalid=\"false\" value=\"\" type=\"text\" name=\"your-name\" \/><\/span>\n<\/p>\n<p><label> PLZ*<\/label><br \/>\n<span class=\"wpcf7-form-control-wrap\" data-name=\"plz\"><input size=\"40\" class=\"wpcf7-form-control wpcf7-text wpcf7-validates-as-required\" aria-required=\"true\" aria-invalid=\"false\" value=\"\" type=\"text\" name=\"plz\" \/><\/span>\n<\/p>\n<p><label> Email*<\/label><br \/>\n<span class=\"wpcf7-form-control-wrap\" data-name=\"your-email\"><input size=\"40\" class=\"wpcf7-form-control wpcf7-text wpcf7-email wpcf7-validates-as-required wpcf7-validates-as-email\" aria-required=\"true\" aria-invalid=\"false\" value=\"\" type=\"email\" name=\"your-email\" \/><\/span>\n<\/p>\n<p><label> Handy*<\/label><br \/>\n<span class=\"wpcf7-form-control-wrap\" data-name=\"handy\"><input size=\"40\" class=\"wpcf7-form-control wpcf7-text wpcf7-validates-as-required\" aria-required=\"true\" aria-invalid=\"false\" value=\"\" type=\"text\" name=\"handy\" \/><\/span>\n<\/p>\n<p><label> Deine Nachricht<\/label><br \/>\n<span class=\"wpcf7-form-control-wrap\" data-name=\"your-message\"><textarea cols=\"40\" rows=\"10\" class=\"wpcf7-form-control wpcf7-textarea\" aria-invalid=\"false\" name=\"your-message\"><\/textarea><\/span>\n<\/p>\n<p><span class=\"wpcf7-form-control-wrap\" data-name=\"acceptance-0\"><span class=\"wpcf7-form-control wpcf7-acceptance\"><span class=\"wpcf7-list-item\"><label><input type=\"checkbox\" name=\"acceptance-0\" value=\"1\" aria-invalid=\"false\" \/><span class=\"wpcf7-list-item-label\">Ich habe die <a href=\"https:\/\/gecco-beratung.de\/fahrschule\/datenschutz-agb\/\">Datenschutzhinweise<\/a> zur Kenntnis genommen und bin mit ihnen einverstanden. Erteilte Einwilligungen kann ich jederzeit widerrufen.<\/span><\/label><\/span><\/span><\/span>\n<\/p>\n<p><input class=\"wpcf7-form-control has-spinner wpcf7-submit\" type=\"submit\" value=\"ABSENDEN\" \/>\n<\/p><div class=\"wpcf7-response-output\" aria-hidden=\"true\"><\/div>\n<\/form>\n<\/div>\n<\/div>[\/vc_column_inner][vc_column_inner width=&#8221;1\/4&#8243;][vc_empty_space]<div class=\"key-icon-box icon-default icon-top cont-center with-border  custom-box\" style=\"background-color: transparent; \" ><div class=\"ib-wrapper\"><i class=\"iconsmind-Home-5 fa\" style=\" color: #006276;\"><\/i> <h6 class=\"service-heading\" >Komm vorbei<\/h6><p >Gecco Media GmbH<br \/>\nBolivarstr. 46<br \/>\n01129 Dresden<\/p><p class=\"ib-link \"><a href=\"https:\/\/maps.app.goo.gl\/JRxyUmkro7zDVoKw6\" target=\"_blank\" title=\"\" style=\"color: #eeee22;\">Google Maps \u00f6ffnen<\/a><\/p><\/div><\/div>[vc_empty_space]<div class=\"key-icon-box icon-default icon-top cont-center with-border  custom-box\" style=\"background-color: transparent; \" ><div class=\"ib-wrapper\"><i class=\"iconsmind-Speach-Bubble fa\" style=\" color: #006276;\"><\/i> <h6 class=\"service-heading\" >Chatte mit uns<\/h6><p >+49 1723767027<\/p><p class=\"ib-link \"><a href=\"https:\/\/api.whatsapp.com\/send?phone=491723767027\" target=\"_blank\" title=\"\" style=\"color: #eeee22;\">WhatsApp senden<\/a><\/p><\/div><\/div>[\/vc_column_inner][vc_column_inner width=&#8221;1\/4&#8243;][vc_empty_space]<div class=\"key-icon-box icon-default icon-top cont-center with-border  custom-box\" style=\"background-color: transparent; \" ><div class=\"ib-wrapper\"><i class=\"iconsmind-Email fa\" style=\" color: #006276;\"><\/i> <h6 class=\"service-heading\" >Schreib uns<\/h6><p ><\/p>\n<div style=\"padding-bottom: 19px\">\n<p class=\"p1\">geccos@gecco-beratung.de<\/p>\n<\/div>\n<p><\/p><p class=\"ib-link \"><a href=\"mailto:geccos@gecco-beratung.de\" target=\"_self\" title=\"\" style=\"color: #eeee22;\">E-Mail senden<\/a><\/p><\/div><\/div>[vc_empty_space]<div class=\"key-icon-box icon-default icon-top cont-center with-border  custom-box\" style=\"background-color: transparent; \" ><div class=\"ib-wrapper\"><i class=\"iconsmind-Phone-2 fa\" style=\" color: #006276;\"><\/i> <h6 class=\"service-heading\" >Ruf uns an<\/h6><p >0221 299994-10<\/p><p class=\"ib-link \"><a href=\"tel:0221299994-10\" target=\"_self\" title=\"\" style=\"color: #eeee22;\">Anrufen<\/a><\/p><\/div><\/div>[\/vc_column_inner][\/vc_row_inner][\/vc_column][\/vc_row][vc_row content_placement=&#8221;top&#8221; disable_element=&#8221;yes&#8221; css=&#8221;.vc_custom_1762886255162{padding-top: 50px !important;}&#8221;][vc_column]<header class=\"kd-section-title col-lg-12 text-center    \" ><h2 class=\"separator_off\" >Du hast Fragen?<\/h2><h6 class=\"subtitle \" style=\"color: #293a44;\">Du hast Fragen rund um GECCO und m\u00f6chtest wissen, wie wir dich unterst\u00fctzen k\u00f6nnen? Pauline hilft dir gerne weiter!<\/h6><\/header>[vc_raw_html]JTNDJTIxLS0lMjBDYWxlbmRseSUyMElubGluZS1XaWRnZXQlMjBCZWdpbm4lMjAtLSUzRSUwQSUzQ2RpdiUyMGNsYXNzJTNEJTIyY2FsZW5kbHktaW5saW5lLXdpZGdldCUyMiUyMGRhdGEtdXJsJTNEJTIyaHR0cHMlM0ElMkYlMkZjYWxlbmRseS5jb20lMkZwYXVsaW5lLXJpc3RvLWdlY2NvYmVyYXR1bmclMkY0NW1pbiUzRnByaW1hcnlfY29sb3IlM0QwMDYzNzUlMjIlMjBzdHlsZSUzRCUyMm1pbi13aWR0aCUzQTMyMHB4JTNCaGVpZ2h0JTNBNzAwcHglM0IlMjIlM0UlM0MlMkZkaXYlM0UlMEElM0NzY3JpcHQlMjB0eXBlJTNEJTIydGV4dCUyRmphdmFzY3JpcHQlMjIlMjBzcmMlM0QlMjJodHRwcyUzQSUyRiUyRmFzc2V0cy5jYWxlbmRseS5jb20lMkZhc3NldHMlMkZleHRlcm5hbCUyRndpZGdldC5qcyUyMiUyMGFzeW5jJTNFJTNDJTJGc2NyaXB0JTNFJTBBJTNDJTIxLS0lMjBDYWxlbmRseSUyMElubGluZS1XaWRnZXQlMjBFbmRlJTIwLS0lM0U=[\/vc_raw_html][\/vc_column][\/vc_row][vc_row full_width=&#8221;stretch_row&#8221; css=&#8221;.vc_custom_1720708298096{margin-bottom: 32px !important;padding-top: 50px !important;padding-bottom: 32px !important;}&#8221;][vc_column css=&#8221;.vc_custom_1515766816225{padding-right: 0px !important;padding-left: 0px !important;}&#8221;]<header class=\"kd-section-title col-lg-12 text-center solid-line sep-border-width-2     vc_custom_1720706843680\" ><h2 class=\"separator_on\" >GECCO kennenlernen!<\/h2><div class=\"kd-separator below_title\" ><div class=\"kd-separator-line\" ><\/div><\/div><h6 class=\"subtitle \" >Die ersten Schritte mit uns:<\/h6><\/header>[vc_row_inner css=&#8221;.vc_custom_1699548043232{padding-top: 32px !important;}&#8221;][vc_column_inner]\r\n            <div class=\"kd-process-steps process_three_elem process-checkbox-template \">\r\n                <ul>\r\n                <li class=\"pss-item\" >\r\n                    <div class=\"pss-container  \" ><div class=\"pss-step-number\"><span >1<\/span><\/div><div class=\"pss-text-area\">\r\n                            <h4 >Ziele definieren.<\/h4>\r\n                            <p >Gemeinsam werfen wir einen Blick auf deine Fahrschule und definieren klare Ziele. Wir erfassen wichtige Kennzahlen und f\u00fchren ein Interview mit dir als Inhaber, um deine Ziele besser zu verstehen.<\/p><\/div>\r\n                    <\/div>\r\n                <\/li>\r\n                <li class=\"pss-item\" >\r\n                    <div class=\"pss-container  \" ><div class=\"pss-step-number\"><span >2<\/span><\/div><div class=\"pss-text-area\">\r\n                            <h4 >Optimierungspotenzial bestimmen.<\/h4>\r\n                            <p >Wir f\u00fchren eine Analyse durch, um das Verbesserungspotenzial in deiner Fahrschule zu identifizieren, und erstellen einen Branchenvergleich, um die Position deiner Fahrschule im Vergleich zur Branche zu ermitteln.<\/p><\/div>\r\n                    <\/div>\r\n                <\/li>\r\n                <li class=\"pss-item\" >\r\n                    <div class=\"pss-container  \" ><div class=\"pss-step-number\"><span >3<\/span><\/div><div class=\"pss-text-area\">\r\n                            <h4 >Handlungsempfehlung vorstellen.<\/h4>\r\n                            <p >Abschlie\u00dfend k\u00f6nnen wir dir konkrete Optimierungsbereiche aufzeigen. Diese besprechen wir gemeinsam und nennen dir m\u00f6gliche Ma\u00dfnahmen, mit denen du starten solltest.<\/p><\/div>\r\n                    <\/div>\r\n                <\/li><\/ul>\r\n            <\/div>[\/vc_column_inner][\/vc_row_inner][\/vc_column][\/vc_row][vc_row][vc_column][vc_separator color=&#8221;custom&#8221; accent_color=&#8221;#eeee22&#8243;][\/vc_column][\/vc_row][vc_row full_width=&#8221;stretch_row&#8221; css=&#8221;.vc_custom_1699547751800{margin-bottom: 32px !important;padding-top: 32px !important;padding-bottom: 50px !important;}&#8221;][vc_column width=&#8221;1\/3&#8243;][vc_icon icon_fontawesome=&#8221;far fa-comments&#8221; color=&#8221;custom&#8221; size=&#8221;xl&#8221; align=&#8221;center&#8221; custom_color=&#8221;#005963&#8243; link=&#8221;url:https%3A%2F%2Fgecco-beratung.de%2Ffahrschule%2Ferfolgsbausteine%2Fgecco-consulting%2F|title:GECCO%20Consulting&#8221;]<a style=\"width: 200px;\" href=\"https:\/\/gecco-beratung.de\/fahrschule\/erfolgsbausteine\/gecco-consulting\"  target=\"_self\"  title=\"GECCO Consulting\" class=\"tt_button tt_secondary_button btn_secondary_color  button-center  \" ><span class=\"prim_text\">Mehr zum GECCO Consulting<\/span><span class=\" iconita\"><\/span><\/a>[vc_icon icon_fontawesome=&#8221;fas fa-graduation-cap&#8221; color=&#8221;custom&#8221; size=&#8221;xl&#8221; align=&#8221;center&#8221; custom_color=&#8221;#005963&#8243; link=&#8221;url:https%3A%2F%2Fgecco-beratung.de%2Ffahrschule%2Ferfolgsbausteine%2Ffun-learn%2F|title:Trainingskonzept||&#8221; css=&#8221;.vc_custom_1699351522064{padding-top: 32px !important;}&#8221;]<a style=\"width: 200px;\" href=\"https:\/\/gecco-beratung.de\/fahrschule\/erfolgsbausteine\/fun-learn\/\"  target=\"_self\"  title=\"Trainingskonzept\" class=\"tt_button tt_secondary_button btn_secondary_color hover_solid_secondary button-center  \" ><span class=\"prim_text\">Mehr zu FUN LEARN<\/span><span class=\" iconita\"><\/span><\/a>[\/vc_column][vc_column width=&#8221;1\/3&#8243;][vc_icon icon_fontawesome=&#8221;fas fa-heart&#8221; color=&#8221;custom&#8221; size=&#8221;xl&#8221; align=&#8221;center&#8221; custom_color=&#8221;#005963&#8243; link=&#8221;url:https%3A%2F%2Fgecco-beratung.de%2Ffahrschule%2Ferfolgsbausteine%2Fgecco-netzwerk%2F|title:GECCO%20Netzwerk&#8221;]<a style=\"width: 200px;\" href=\"https:\/\/gecco-beratung.de\/fahrschule\/erfolgsbausteine\/gecco-netzwerk\/\"  target=\"_self\"  title=\"GECCO Netzwerk\" class=\"tt_button tt_secondary_button btn_secondary_color  button-center  \" ><span class=\"prim_text\">Mehr zum GECCO Netzwerk<\/span><span class=\" iconita\"><\/span><\/a>[vc_icon icon_fontawesome=&#8221;fas fa-bullseye&#8221; color=&#8221;custom&#8221; size=&#8221;xl&#8221; align=&#8221;center&#8221; custom_color=&#8221;#006375&#8243; link=&#8221;url:https%3A%2F%2Fgecco-beratung.de%2Ffahrschule%2Ferfolgsbausteine%2Fgecco-marketing%2F|title:GECCO%20Marketing%20&#8243; css=&#8221;.vc_custom_1699534512546{padding-top: 30px !important;}&#8221;]<a style=\"width: 200px;\" href=\"https:\/\/gecco-beratung.de\/fahrschule\/erfolgsbausteine\/gecco-marketing\/\"  target=\"_self\"  title=\"GECCO Marketing\" class=\"tt_button tt_secondary_button btn_secondary_color hover_solid_secondary button-center  \" ><span class=\"prim_text\">Mehr zur GECCO Marketing<\/span><span class=\" iconita\"><\/span><\/a>[\/vc_column][vc_column width=&#8221;1\/3&#8243;][vc_icon icon_fontawesome=&#8221;far fa-lightbulb&#8221; color=&#8221;custom&#8221; size=&#8221;xl&#8221; align=&#8221;center&#8221; custom_color=&#8221;#005963&#8243; link=&#8221;url:https%3A%2F%2Fgecco-beratung.de%2Ffahrschule%2Ferfolgsbausteine%2Fgecco-seminare%2F|title:GECCO%20Seminare&#8221;]<a style=\"width: 200px;\" href=\"https:\/\/gecco-beratung.de\/fahrschule\/erfolgsbausteine\/gecco-seminare\/\"  target=\"_self\"  title=\"GECCO Seminare\" class=\"tt_button tt_secondary_button btn_secondary_color  button-center  \" ><span class=\"prim_text\">Mehr zu GECCO Seminare<\/span><span class=\" iconita\"><\/span><\/a>[vc_icon icon_fontawesome=&#8221;fas fa-desktop&#8221; color=&#8221;custom&#8221; size=&#8221;xl&#8221; align=&#8221;center&#8221; custom_color=&#8221;#005963&#8243; link=&#8221;url:https%3A%2F%2Fgecco-beratung.de%2Ffahrschule%2Ferfolgsbausteine%2Fgecco-website%2F|title:Gecco%20Website&#8221; css=&#8221;.vc_custom_1699542266911{padding-top: 40px !important;}&#8221;]<a style=\"width: 200px;\" href=\"https:\/\/gecco-beratung.de\/fahrschule\/erfolgsbausteine\/gecco-website\/\"  target=\"_self\"  title=\"GECCO Website\" class=\"tt_button tt_secondary_button btn_secondary_color  button-center  \" ><span class=\"prim_text\">Mehr zur GECCO Website<\/span><span class=\" iconita\"><\/span><\/a>[\/vc_column][\/vc_row]<\/p>\n<\/section>","protected":false},"excerpt":{"rendered":"<p>[vc_row full_width=&#8221;stretch_row_content_no_spaces&#8221; css=&#8221;.vc_custom_1720705954931{padding-top: 150px !important;padding-bottom: 150px !important;background-image: url(https:\/\/gecco-beratung.de\/fahrschule\/wp-content\/uploads\/sites\/3\/2024\/07\/DSCF4509.jpg?id=3898) !important;background-position: center !important;background-repeat: no-repeat !important;background-size: cover !important;}&#8221;][vc_column][\/vc_column][\/vc_row][vc_row full_width=&#8221;stretch_row&#8221; css=&#8221;.vc_custom_1699433796334{padding-top: 50px !important;}&#8221;][vc_column css=&#8221;.vc_custom_1516095665984{padding-right: 0px !important;padding-left: 0px !important;}&#8221;][vc_row_inner][vc_column_inner][\/vc_column_inner][\/vc_row_inner][vc_row_inner][vc_column_inner width=&#8221;2\/4&#8243;][\/vc_column_inner][vc_column_inner width=&#8221;1\/4&#8243;][vc_empty_space][vc_empty_space][\/vc_column_inner][vc_column_inner width=&#8221;1\/4&#8243;][vc_empty_space][vc_empty_space][\/vc_column_inner][\/vc_row_inner][\/vc_column][\/vc_row][vc_row [&hellip;]<\/p>\n","protected":false},"author":1,"featured_media":0,"parent":0,"menu_order":0,"comment_status":"closed","ping_status":"closed","template":"","meta":[],"yoast_head":"<!-- This site is optimized with the Yoast SEO plugin v19.8 - https:\/\/yoast.com\/wordpress\/plugins\/seo\/ -->\n<title>Kontakt \u2022 GECCO Fahrschulen<\/title>\n<meta name=\"description\" content=\"Wir sind eine st\u00e4ndig wachsende Gemeinschaft selbst\u00e4ndiger Fahrschulen, die ihre Kr\u00e4fte unter einem Dach b\u00fcndeln. Steig ein in die Zukunft deiner Fahrschule!\" \/>\n<meta name=\"robots\" content=\"index, follow, max-snippet:-1, max-image-preview:large, max-video-preview:-1\" \/>\n<link rel=\"canonical\" href=\"https:\/\/gecco-beratung.de\/fahrschule\/kontakt\/\" \/>\n<meta property=\"og:locale\" content=\"de_DE\" \/>\n<meta property=\"og:type\" content=\"article\" \/>\n<meta property=\"og:title\" content=\"Kontakt \u2022 GECCO Fahrschulen\" \/>\n<meta property=\"og:description\" content=\"Wir sind eine st\u00e4ndig wachsende Gemeinschaft selbst\u00e4ndiger Fahrschulen, die ihre Kr\u00e4fte unter einem Dach b\u00fcndeln. Steig ein in die Zukunft deiner Fahrschule!\" \/>\n<meta property=\"og:url\" content=\"https:\/\/gecco-beratung.de\/fahrschule\/kontakt\/\" \/>\n<meta property=\"og:site_name\" content=\"Gecco Fahrschulen\" \/>\n<meta property=\"article:publisher\" content=\"https:\/\/www.gecco-beratung.de\" \/>\n<meta property=\"article:modified_time\" content=\"2025-11-26T14:48:39+00:00\" \/>\n<meta name=\"twitter:card\" content=\"summary_large_image\" \/>\n<meta name=\"twitter:label1\" content=\"Est. reading time\" \/>\n\t<meta name=\"twitter:data1\" content=\"3\u00a0Minuten\" \/>\n<script type=\"application\/ld+json\" class=\"yoast-schema-graph\">{\"@context\":\"https:\/\/schema.org\",\"@graph\":[{\"@type\":\"WebPage\",\"@id\":\"https:\/\/gecco-beratung.de\/fahrschule\/kontakt\/\",\"url\":\"https:\/\/gecco-beratung.de\/fahrschule\/kontakt\/\",\"name\":\"Kontakt \u2022 GECCO Fahrschulen\",\"isPartOf\":{\"@id\":\"https:\/\/gecco-beratung.de\/fahrschule\/#website\"},\"datePublished\":\"2019-04-16T07:05:39+00:00\",\"dateModified\":\"2025-11-26T14:48:39+00:00\",\"description\":\"Wir sind eine st\u00e4ndig wachsende Gemeinschaft selbst\u00e4ndiger Fahrschulen, die ihre Kr\u00e4fte unter einem Dach b\u00fcndeln. Steig ein in die Zukunft deiner Fahrschule!\",\"breadcrumb\":{\"@id\":\"https:\/\/gecco-beratung.de\/fahrschule\/kontakt\/#breadcrumb\"},\"inLanguage\":\"de\",\"potentialAction\":[{\"@type\":\"ReadAction\",\"target\":[\"https:\/\/gecco-beratung.de\/fahrschule\/kontakt\/\"]}]},{\"@type\":\"BreadcrumbList\",\"@id\":\"https:\/\/gecco-beratung.de\/fahrschule\/kontakt\/#breadcrumb\",\"itemListElement\":[{\"@type\":\"ListItem\",\"position\":1,\"name\":\"Home\",\"item\":\"https:\/\/gecco-beratung.de\/fahrschule\/\"},{\"@type\":\"ListItem\",\"position\":2,\"name\":\"Kontakt\"}]},{\"@type\":\"WebSite\",\"@id\":\"https:\/\/gecco-beratung.de\/fahrschule\/#website\",\"url\":\"https:\/\/gecco-beratung.de\/fahrschule\/\",\"name\":\"Gecco Fahrschulen\",\"description\":\"\",\"potentialAction\":[{\"@type\":\"SearchAction\",\"target\":{\"@type\":\"EntryPoint\",\"urlTemplate\":\"https:\/\/gecco-beratung.de\/fahrschule\/?s={search_term_string}\"},\"query-input\":\"required name=search_term_string\"}],\"inLanguage\":\"de\"}]}<\/script>\n<!-- \/ Yoast SEO plugin. -->","yoast_head_json":{"title":"Kontakt \u2022 GECCO Fahrschulen","description":"Wir sind eine st\u00e4ndig wachsende Gemeinschaft selbst\u00e4ndiger Fahrschulen, die ihre Kr\u00e4fte unter einem Dach b\u00fcndeln. Steig ein in die Zukunft deiner Fahrschule!","robots":{"index":"index","follow":"follow","max-snippet":"max-snippet:-1","max-image-preview":"max-image-preview:large","max-video-preview":"max-video-preview:-1"},"canonical":"https:\/\/gecco-beratung.de\/fahrschule\/kontakt\/","og_locale":"de_DE","og_type":"article","og_title":"Kontakt \u2022 GECCO Fahrschulen","og_description":"Wir sind eine st\u00e4ndig wachsende Gemeinschaft selbst\u00e4ndiger Fahrschulen, die ihre Kr\u00e4fte unter einem Dach b\u00fcndeln. Steig ein in die Zukunft deiner Fahrschule!","og_url":"https:\/\/gecco-beratung.de\/fahrschule\/kontakt\/","og_site_name":"Gecco Fahrschulen","article_publisher":"https:\/\/www.gecco-beratung.de","article_modified_time":"2025-11-26T14:48:39+00:00","twitter_card":"summary_large_image","twitter_misc":{"Est. reading time":"3\u00a0Minuten"},"schema":{"@context":"https:\/\/schema.org","@graph":[{"@type":"WebPage","@id":"https:\/\/gecco-beratung.de\/fahrschule\/kontakt\/","url":"https:\/\/gecco-beratung.de\/fahrschule\/kontakt\/","name":"Kontakt \u2022 GECCO Fahrschulen","isPartOf":{"@id":"https:\/\/gecco-beratung.de\/fahrschule\/#website"},"datePublished":"2019-04-16T07:05:39+00:00","dateModified":"2025-11-26T14:48:39+00:00","description":"Wir sind eine st\u00e4ndig wachsende Gemeinschaft selbst\u00e4ndiger Fahrschulen, die ihre Kr\u00e4fte unter einem Dach b\u00fcndeln. Steig ein in die Zukunft deiner Fahrschule!","breadcrumb":{"@id":"https:\/\/gecco-beratung.de\/fahrschule\/kontakt\/#breadcrumb"},"inLanguage":"de","potentialAction":[{"@type":"ReadAction","target":["https:\/\/gecco-beratung.de\/fahrschule\/kontakt\/"]}]},{"@type":"BreadcrumbList","@id":"https:\/\/gecco-beratung.de\/fahrschule\/kontakt\/#breadcrumb","itemListElement":[{"@type":"ListItem","position":1,"name":"Home","item":"https:\/\/gecco-beratung.de\/fahrschule\/"},{"@type":"ListItem","position":2,"name":"Kontakt"}]},{"@type":"WebSite","@id":"https:\/\/gecco-beratung.de\/fahrschule\/#website","url":"https:\/\/gecco-beratung.de\/fahrschule\/","name":"Gecco Fahrschulen","description":"","potentialAction":[{"@type":"SearchAction","target":{"@type":"EntryPoint","urlTemplate":"https:\/\/gecco-beratung.de\/fahrschule\/?s={search_term_string}"},"query-input":"required name=search_term_string"}],"inLanguage":"de"}]}},"_links":{"self":[{"href":"https:\/\/gecco-beratung.de\/fahrschule\/wp-json\/wp\/v2\/pages\/38"}],"collection":[{"href":"https:\/\/gecco-beratung.de\/fahrschule\/wp-json\/wp\/v2\/pages"}],"about":[{"href":"https:\/\/gecco-beratung.de\/fahrschule\/wp-json\/wp\/v2\/types\/page"}],"author":[{"embeddable":true,"href":"https:\/\/gecco-beratung.de\/fahrschule\/wp-json\/wp\/v2\/users\/1"}],"replies":[{"embeddable":true,"href":"https:\/\/gecco-beratung.de\/fahrschule\/wp-json\/wp\/v2\/comments?post=38"}],"version-history":[{"count":78,"href":"https:\/\/gecco-beratung.de\/fahrschule\/wp-json\/wp\/v2\/pages\/38\/revisions"}],"predecessor-version":[{"id":7503,"href":"https:\/\/gecco-beratung.de\/fahrschule\/wp-json\/wp\/v2\/pages\/38\/revisions\/7503"}],"wp:attachment":[{"href":"https:\/\/gecco-beratung.de\/fahrschule\/wp-json\/wp\/v2\/media?parent=38"}],"curies":[{"name":"wp","href":"https:\/\/api.w.org\/{rel}","templated":true}]}}