{"id":249,"date":"2019-05-13T17:57:03","date_gmt":"2019-05-13T17:57:03","guid":{"rendered":"http:\/\/gecco-fahrschulen.de\/fahrschule\/?page_id=249"},"modified":"2023-11-09T18:26:29","modified_gmt":"2023-11-09T17:26:29","slug":"kennenlern-seminar","status":"publish","type":"page","link":"https:\/\/gecco-beratung.de\/fahrschule\/erfolgsbausteine\/kennenlern-seminar\/","title":{"rendered":"Kennenlern-Seminar"},"content":{"rendered":"<section class=\"wpb-content-wrapper\"><p>[vc_row full_width=&#8221;stretch_row&#8221; css=&#8221;.vc_custom_1557503648221{background-image: url(https:\/\/gecco-beratung.de\/fahrschule\/wp-content\/uploads\/sites\/3\/2019\/05\/02-00-alex-gorbi-1526779-unsplash-sin-marca-1.jpg?id=108) !important;}&#8221;][vc_column][vc_row_inner css=&#8221;.vc_custom_1511348417220{padding-top: 100px !important;padding-bottom: 100px !important;}&#8221;][vc_column_inner width=&#8221;1\/4&#8243;][\/vc_column_inner][vc_column_inner width=&#8221;1\/2&#8243;]<header class=\"kd-section-title col-lg-12 text-center    \" ><h2 class=\"separator_off\" style=\"color: #ffffff;\">Dein Kennenlern-Seminar<\/h2><h6 class=\"subtitle \" style=\"color: #ffffff;\">Ein Tag kann alles ver\u00e4ndern.<\/h6><\/header>[vc_empty_space height=&#8221;10px&#8221;][\/vc_column_inner][vc_column_inner width=&#8221;1\/4&#8243;][\/vc_column_inner][\/vc_row_inner][\/vc_column][\/vc_row][vc_row full_width=&#8221;stretch_row&#8221; css=&#8221;.vc_custom_1557730071224{padding-top: 100px !important;padding-bottom: 100px !important;}&#8221;][vc_column][vc_row_inner css=&#8221;.vc_custom_1557855393556{padding-top: 50px !important;}&#8221;][vc_column_inner width=&#8221;1\/2&#8243;][vc_single_image image=&#8221;195&#8243; img_size=&#8221;full&#8221;][\/vc_column_inner][vc_column_inner width=&#8221;1\/2&#8243;]<header class=\"kd-section-title col-lg-12 text-left solid-line sep-border-width-2    \" ><h2 class=\"separator_on\" >Dein Kennenlernen-Seminar<\/h2><div class=\"kd-separator below_title\" ><div class=\"kd-separator-line\" ><\/div><\/div><h6 class=\"subtitle \" >Ein Tag kann alles ver\u00e4ndern.<\/h6><\/header>[vc_empty_space height=&#8221;30px&#8221;][vc_column_text]<strong>Was du im Seminar erf\u00e4hrst:<\/strong><\/p>\n<div class=\"page\" title=\"Page 43\">\n<div class=\"section\">\n<div class=\"layoutArea\">\n<div class=\"column\">\n<ul>\n<li>Wer genau ist GECCO und was ist das GECCO KONZEPT?<\/li>\n<li>Wie entlastet mich das GECCO KONZEPT im Arbeitsalltag?<\/li>\n<li>Wie funktioniert Fahrschule heute und vor allem: Wie funktioniert sie morgen?<\/li>\n<li>Welche Potenziale schlummern in meiner Fahrschule?<\/li>\n<li>Wie optimiere ich meine Fahrschule?<\/li>\n<li>Wie werde ich GECCO Fahrschule und was ist dabei zu beachten?<\/li>\n<\/ul>\n<\/div>\n<\/div>\n<\/div>\n<\/div>\n<p>[\/vc_column_text][\/vc_column_inner][\/vc_row_inner][vc_row_inner css=&#8221;.vc_custom_1557855400048{padding-top: 100px !important;padding-bottom: 0px !important;}&#8221;][vc_column_inner]\r\n                <div class=\"testimonial-cards tcards-parent black-navigation kd-tcards-69f40df74c4fe \">\r\n                    <div class=\"tcards-content\"><div class=\"key-tcards  \" ><div class=\"tcards_header\">\r\n                          <div class=\"tcards-image\"><\/div>\r\n                          <h4 class=\"tcards-name\" >Vorname Nachname<\/h4>\r\n                          <p class=\"tcards-job\" >Fahrschule X<\/p>\r\n                      <\/div><div class=\"tcards_message author-top\" >\r\n                        <h6 >Ich war skeptisch und wollte mich nicht gleich binden. Deswegen war der Stufen-Einstieg optimal f\u00fcr mich.<\/h6>\r\n                    <\/div><\/div><div class=\"key-tcards  \" ><div class=\"tcards_header\">\r\n                          <div class=\"tcards-image\"><\/div>\r\n                          <h4 class=\"tcards-name\" >Rainer Gehlen<\/h4>\r\n                          <p class=\"tcards-job\" >Fahrschule Gehlen<\/p>\r\n                      <\/div><div class=\"tcards_message author-top\" >\r\n                        <h6 >Neue Ideen und Impulse, die einem das Arbeiten erleichtern und bereichern. So macht FAHRSCHULE Spa\u00df.<\/h6>\r\n                    <\/div><\/div><div class=\"key-tcards  \" ><div class=\"tcards_header\">\r\n                          <div class=\"tcards-image\"><\/div>\r\n                          <h4 class=\"tcards-name\" >Andreas M\u00fcndel<\/h4>\r\n                          <p class=\"tcards-job\" >Fahrschule Andreas M\u00fcndel<\/p>\r\n                      <\/div><div class=\"tcards_message author-top\" >\r\n                        <h6 >Tolle Ideen werden angeboten und umgesetzt. Steigerung der Anmeldezahlen, bessere<br \/>\nFahrschulpreise, uvm. Mut zur Umsetzung, sich positiv vom Markt abzuheben!<\/h6>\r\n                    <\/div><\/div><div class=\"key-tcards  \" ><div class=\"tcards_header\">\r\n                          <div class=\"tcards-image\"><\/div>\r\n                          <h4 class=\"tcards-name\" >Andreas Br\u00f6kelmann<\/h4>\r\n                          <p class=\"tcards-job\" >Fahrschule fit to drive GmbH<\/p>\r\n                      <\/div><div class=\"tcards_message author-top\" >\r\n                        <h6 >Mich hat \u00fcberrascht, wie fruchtbar der Austausch untereinander ist, wenn kein direkter Mitbewerber mit im Boot ist!<\/h6>\r\n                    <\/div><\/div><\/div>\r\n                <\/div><script type=\"text\/javascript\">\r\n          \t\t\t\tjQuery(document).ready(function($){\r\n                    if ($(\".testimonial-cards.kd-tcards-69f40df74c4fe .tcards-content\").length) {\r\n                      $(\".testimonial-cards.kd-tcards-69f40df74c4fe .tcards-content\").owlCarousel({\r\n                        stageClass: \"owl-wrapper\",\r\n                        stageOuterClass: \"owl-wrapper-outer\",\r\n                        loadedClass: \"owl-carousel\",\r\n                        responsive:{\r\n                            0:{\r\n                                items:1,\r\n                            },\r\n                            769:{\r\n                                items:3,\r\n                            }\r\n                        },\r\n                        center: true,\r\n                        loop: true,\r\n                        rewind: true,nav: true,\r\n                          navSpeed: 500,\r\n                          dots: false,autoplay: false,autoplayHoverPause: false,\r\n                      });\r\n                    }\r\n          \t\t\t\t});\r\n          \t\t\t<\/script>[\/vc_column_inner][\/vc_row_inner][vc_row_inner css=&#8221;.vc_custom_1557681676399{padding-top: 50px !important;}&#8221;][vc_column_inner width=&#8221;1\/4&#8243;][\/vc_column_inner][vc_column_inner width=&#8221;1\/2&#8243;]<header class=\"kd-section-title col-lg-12 text-center    \" ><h2 class=\"separator_off\" >Lernen auch Sie von den Besten!<\/h2><h6 class=\"subtitle \" >Interesse? Dann frag jetzt einen Termin f\u00fcr dein kostenloses unverbindliches KENNENLERN-SEMINAR an:<\/h6><\/header>[vc_empty_space height=&#8221;10px&#8221;]<a  href=\"https:\/\/gecco-beratung.de\/fahrschule\/kontakt\/\"  target=\"_self\"  title=\"Kontakt\" class=\"tt_button    button-center  \" ><span class=\"prim_text\">Kennenlernen-Seminar anfragen!<\/span><span class=\" iconita\"><\/span><\/a>[\/vc_column_inner][vc_column_inner width=&#8221;1\/4&#8243;][\/vc_column_inner][\/vc_row_inner][\/vc_column][\/vc_row]<\/p>\n<\/section>","protected":false},"excerpt":{"rendered":"<p>[vc_row full_width=&#8221;stretch_row&#8221; css=&#8221;.vc_custom_1557503648221{background-image: url(https:\/\/gecco-beratung.de\/fahrschule\/wp-content\/uploads\/sites\/3\/2019\/05\/02-00-alex-gorbi-1526779-unsplash-sin-marca-1.jpg?id=108) !important;}&#8221;][vc_column][vc_row_inner css=&#8221;.vc_custom_1511348417220{padding-top: 100px !important;padding-bottom: 100px !important;}&#8221;][vc_column_inner width=&#8221;1\/4&#8243;][\/vc_column_inner][vc_column_inner width=&#8221;1\/2&#8243;][vc_empty_space height=&#8221;10px&#8221;][\/vc_column_inner][vc_column_inner width=&#8221;1\/4&#8243;][\/vc_column_inner][\/vc_row_inner][\/vc_column][\/vc_row][vc_row full_width=&#8221;stretch_row&#8221; css=&#8221;.vc_custom_1557730071224{padding-top: 100px !important;padding-bottom: 100px !important;}&#8221;][vc_column][vc_row_inner css=&#8221;.vc_custom_1557855393556{padding-top: 50px !important;}&#8221;][vc_column_inner width=&#8221;1\/2&#8243;][vc_single_image image=&#8221;195&#8243; img_size=&#8221;full&#8221;][\/vc_column_inner][vc_column_inner width=&#8221;1\/2&#8243;][vc_empty_space [&hellip;]<\/p>\n","protected":false},"author":1,"featured_media":0,"parent":3420,"menu_order":0,"comment_status":"closed","ping_status":"closed","template":"","meta":[],"yoast_head":"<!-- This site is optimized with the Yoast SEO plugin v19.8 - https:\/\/yoast.com\/wordpress\/plugins\/seo\/ -->\n<title>Kennenlernen \u2022 GECCO Fahrschulen<\/title>\n<meta name=\"description\" content=\"Wir sind eine st\u00e4ndig wachsende Gemeinschaft selbst\u00e4ndiger Fahrschulen, die ihre Kr\u00e4fte unter einem Dach b\u00fcndeln. Steig ein in die Zukunft deiner Fahrschule!\" \/>\n<meta name=\"robots\" content=\"index, follow, max-snippet:-1, max-image-preview:large, max-video-preview:-1\" \/>\n<link rel=\"canonical\" href=\"https:\/\/gecco-beratung.de\/fahrschule\/erfolgsbausteine\/kennenlern-seminar\/\" \/>\n<meta property=\"og:locale\" content=\"de_DE\" \/>\n<meta property=\"og:type\" content=\"article\" \/>\n<meta property=\"og:title\" content=\"Kennenlernen \u2022 GECCO Fahrschulen\" \/>\n<meta property=\"og:description\" content=\"Wir sind eine st\u00e4ndig wachsende Gemeinschaft selbst\u00e4ndiger Fahrschulen, die ihre Kr\u00e4fte unter einem Dach b\u00fcndeln. Steig ein in die Zukunft deiner Fahrschule!\" \/>\n<meta property=\"og:url\" content=\"https:\/\/gecco-beratung.de\/fahrschule\/erfolgsbausteine\/kennenlern-seminar\/\" \/>\n<meta property=\"og:site_name\" content=\"Gecco Fahrschulen\" \/>\n<meta property=\"article:publisher\" content=\"https:\/\/www.gecco-beratung.de\" \/>\n<meta property=\"article:modified_time\" content=\"2023-11-09T17:26:29+00:00\" \/>\n<meta name=\"twitter:card\" content=\"summary_large_image\" \/>\n<meta name=\"twitter:label1\" content=\"Gesch\u00e4tzte Lesezeit\" \/>\n\t<meta name=\"twitter:data1\" content=\"3\u00a0Minuten\" \/>\n<script type=\"application\/ld+json\" class=\"yoast-schema-graph\">{\"@context\":\"https:\/\/schema.org\",\"@graph\":[{\"@type\":\"WebPage\",\"@id\":\"https:\/\/gecco-beratung.de\/fahrschule\/erfolgsbausteine\/kennenlern-seminar\/\",\"url\":\"https:\/\/gecco-beratung.de\/fahrschule\/erfolgsbausteine\/kennenlern-seminar\/\",\"name\":\"Kennenlernen \u2022 GECCO Fahrschulen\",\"isPartOf\":{\"@id\":\"https:\/\/gecco-beratung.de\/fahrschule\/#website\"},\"datePublished\":\"2019-05-13T17:57:03+00:00\",\"dateModified\":\"2023-11-09T17:26:29+00:00\",\"description\":\"Wir sind eine st\u00e4ndig wachsende Gemeinschaft selbst\u00e4ndiger Fahrschulen, die ihre Kr\u00e4fte unter einem Dach b\u00fcndeln. Steig ein in die Zukunft deiner Fahrschule!\",\"breadcrumb\":{\"@id\":\"https:\/\/gecco-beratung.de\/fahrschule\/erfolgsbausteine\/kennenlern-seminar\/#breadcrumb\"},\"inLanguage\":\"de\",\"potentialAction\":[{\"@type\":\"ReadAction\",\"target\":[\"https:\/\/gecco-beratung.de\/fahrschule\/erfolgsbausteine\/kennenlern-seminar\/\"]}]},{\"@type\":\"BreadcrumbList\",\"@id\":\"https:\/\/gecco-beratung.de\/fahrschule\/erfolgsbausteine\/kennenlern-seminar\/#breadcrumb\",\"itemListElement\":[{\"@type\":\"ListItem\",\"position\":1,\"name\":\"Home\",\"item\":\"https:\/\/gecco-beratung.de\/fahrschule\/\"},{\"@type\":\"ListItem\",\"position\":2,\"name\":\"Erfolgsbausteine\",\"item\":\"https:\/\/gecco-beratung.de\/fahrschule\/erfolgsbausteine\/\"},{\"@type\":\"ListItem\",\"position\":3,\"name\":\"Kennenlern-Seminar\"}]},{\"@type\":\"WebSite\",\"@id\":\"https:\/\/gecco-beratung.de\/fahrschule\/#website\",\"url\":\"https:\/\/gecco-beratung.de\/fahrschule\/\",\"name\":\"Gecco Fahrschulen\",\"description\":\"\",\"potentialAction\":[{\"@type\":\"SearchAction\",\"target\":{\"@type\":\"EntryPoint\",\"urlTemplate\":\"https:\/\/gecco-beratung.de\/fahrschule\/?s={search_term_string}\"},\"query-input\":\"required name=search_term_string\"}],\"inLanguage\":\"de\"}]}<\/script>\n<!-- \/ Yoast SEO plugin. -->","yoast_head_json":{"title":"Kennenlernen \u2022 GECCO Fahrschulen","description":"Wir sind eine st\u00e4ndig wachsende Gemeinschaft selbst\u00e4ndiger Fahrschulen, die ihre Kr\u00e4fte unter einem Dach b\u00fcndeln. Steig ein in die Zukunft deiner Fahrschule!","robots":{"index":"index","follow":"follow","max-snippet":"max-snippet:-1","max-image-preview":"max-image-preview:large","max-video-preview":"max-video-preview:-1"},"canonical":"https:\/\/gecco-beratung.de\/fahrschule\/erfolgsbausteine\/kennenlern-seminar\/","og_locale":"de_DE","og_type":"article","og_title":"Kennenlernen \u2022 GECCO Fahrschulen","og_description":"Wir sind eine st\u00e4ndig wachsende Gemeinschaft selbst\u00e4ndiger Fahrschulen, die ihre Kr\u00e4fte unter einem Dach b\u00fcndeln. Steig ein in die Zukunft deiner Fahrschule!","og_url":"https:\/\/gecco-beratung.de\/fahrschule\/erfolgsbausteine\/kennenlern-seminar\/","og_site_name":"Gecco Fahrschulen","article_publisher":"https:\/\/www.gecco-beratung.de","article_modified_time":"2023-11-09T17:26:29+00:00","twitter_card":"summary_large_image","twitter_misc":{"Gesch\u00e4tzte Lesezeit":"3\u00a0Minuten"},"schema":{"@context":"https:\/\/schema.org","@graph":[{"@type":"WebPage","@id":"https:\/\/gecco-beratung.de\/fahrschule\/erfolgsbausteine\/kennenlern-seminar\/","url":"https:\/\/gecco-beratung.de\/fahrschule\/erfolgsbausteine\/kennenlern-seminar\/","name":"Kennenlernen \u2022 GECCO Fahrschulen","isPartOf":{"@id":"https:\/\/gecco-beratung.de\/fahrschule\/#website"},"datePublished":"2019-05-13T17:57:03+00:00","dateModified":"2023-11-09T17:26:29+00:00","description":"Wir sind eine st\u00e4ndig wachsende Gemeinschaft selbst\u00e4ndiger Fahrschulen, die ihre Kr\u00e4fte unter einem Dach b\u00fcndeln. Steig ein in die Zukunft deiner Fahrschule!","breadcrumb":{"@id":"https:\/\/gecco-beratung.de\/fahrschule\/erfolgsbausteine\/kennenlern-seminar\/#breadcrumb"},"inLanguage":"de","potentialAction":[{"@type":"ReadAction","target":["https:\/\/gecco-beratung.de\/fahrschule\/erfolgsbausteine\/kennenlern-seminar\/"]}]},{"@type":"BreadcrumbList","@id":"https:\/\/gecco-beratung.de\/fahrschule\/erfolgsbausteine\/kennenlern-seminar\/#breadcrumb","itemListElement":[{"@type":"ListItem","position":1,"name":"Home","item":"https:\/\/gecco-beratung.de\/fahrschule\/"},{"@type":"ListItem","position":2,"name":"Erfolgsbausteine","item":"https:\/\/gecco-beratung.de\/fahrschule\/erfolgsbausteine\/"},{"@type":"ListItem","position":3,"name":"Kennenlern-Seminar"}]},{"@type":"WebSite","@id":"https:\/\/gecco-beratung.de\/fahrschule\/#website","url":"https:\/\/gecco-beratung.de\/fahrschule\/","name":"Gecco Fahrschulen","description":"","potentialAction":[{"@type":"SearchAction","target":{"@type":"EntryPoint","urlTemplate":"https:\/\/gecco-beratung.de\/fahrschule\/?s={search_term_string}"},"query-input":"required name=search_term_string"}],"inLanguage":"de"}]}},"_links":{"self":[{"href":"https:\/\/gecco-beratung.de\/fahrschule\/wp-json\/wp\/v2\/pages\/249"}],"collection":[{"href":"https:\/\/gecco-beratung.de\/fahrschule\/wp-json\/wp\/v2\/pages"}],"about":[{"href":"https:\/\/gecco-beratung.de\/fahrschule\/wp-json\/wp\/v2\/types\/page"}],"author":[{"embeddable":true,"href":"https:\/\/gecco-beratung.de\/fahrschule\/wp-json\/wp\/v2\/users\/1"}],"replies":[{"embeddable":true,"href":"https:\/\/gecco-beratung.de\/fahrschule\/wp-json\/wp\/v2\/comments?post=249"}],"version-history":[{"count":13,"href":"https:\/\/gecco-beratung.de\/fahrschule\/wp-json\/wp\/v2\/pages\/249\/revisions"}],"predecessor-version":[{"id":519,"href":"https:\/\/gecco-beratung.de\/fahrschule\/wp-json\/wp\/v2\/pages\/249\/revisions\/519"}],"up":[{"embeddable":true,"href":"https:\/\/gecco-beratung.de\/fahrschule\/wp-json\/wp\/v2\/pages\/3420"}],"wp:attachment":[{"href":"https:\/\/gecco-beratung.de\/fahrschule\/wp-json\/wp\/v2\/media?parent=249"}],"curies":[{"name":"wp","href":"https:\/\/api.w.org\/{rel}","templated":true}]}}